hat are the prime factors of 43303?
13, 3331
List the prime factors of 1815.
3, 5, 11
What are the prime factors of 54430?
2, 5, 5443
List the prime factors of 21691.
109, 199
What are the prime factors of 459?
3, 17
What are the prime factors of 28858?
2, 47, 307
List the prime factors of 21285.
3, 5, 11, 43
What are the prime factors of 3517?
3517
What are the prime factors of 129685?
5, 37, 701
What are the prime factors of 19151?
11, 1741
What are the prime factors of 13236?
2, 3, 1103
What are the prime factors of 9203?
9203
List the prime factors of 1360.
2, 5, 17
What are the prime factors of 21588?
2, 3, 7, 257
What are the prime factors of 28777?
7, 4111
What are the prime factors of 4504?
2, 563
What are the prime factors of 3243?
3, 23, 47
What are the prime factors of 645?
3, 5, 43
What are the prime factors of 7602?
2, 3, 7, 181
List the prime factors of 2185.
5, 19, 23
List the prime factors of 86594.
2, 29, 1493
List the prime factors of 1214.
2, 607
What are the prime factors of 1806?
2, 3, 7, 43
What are the prime factors of 32390?
2, 5, 41, 79
List the prime factors of 1198.
2, 599
What are the prime factors of 19321?
139
What are the prime factors of 19926?
2, 3, 41
List the prime factors of 334.
2, 167
What are the prime factors of 90912?
2, 3, 947
List the prime factors of 215.
5, 43
What are the prime factors of 2898?
2, 3, 7, 23
List the prime factors of 146.
2, 73
What are the prime factors of 9510?
2, 3, 5, 317
What are the prime factors of 3064?
2, 383
List the prime factors of 147.
3, 7
What are the prime factors of 2902?
2, 1451
What are the prime factors of 7609?
7, 1087
List the prime factors of 41048.
2, 7, 733
What are the prime factors of 42763?
7, 41, 149
List the prime factors of 33092.
2, 8273
What are the prime factors of 43086?
2, 3, 43, 167
What are the prime factors of 1008?
2, 3, 7
What are the prime factors of 12417?
3, 4139
List the prime factors of 2919.
3, 7, 139
What are the prime factors of 26835?
3, 5, 1789
What are the prime factors of 126813?
3, 41, 1031
List the prime factors of 6051.
3, 2017
List the prime factors of 6939.
3, 257
What are the prime factors of 95900?
2, 5, 7, 137
What are the prime factors of 5025?
3, 5, 67
What are the prime factors of 2008?
2, 251
What are the prime factors of 12784?
2, 17, 47
List the prime factors of 88669.
7, 53, 239
List the prime factors of 6941.
11, 631
What are the prime factors of 1247?
29, 43
List the prime factors of 1292.
2, 17, 19
List the prime factors of 18462.
2, 3, 17, 181
List the prime factors of 26082.
2, 3, 7, 23
List the prime factors of 8343.
3, 103
List the prime factors of 38005.
5, 11, 691
List the prime factors of 18347.
7, 2621
List the prime factors of 3222.
2, 3, 179
What are the prime factors of 34437?
3, 13, 883
List the prime factors of 111840.
2, 3, 5, 233
What are the prime factors of 642?
2, 3, 107
List the prime factors of 7442.
2, 61
What are the prime factors of 8881?
83, 107
What are the prime factors of 13075?
5, 523
List the prime factors of 1176.
2, 3, 7
List the prime factors of 7439.
43, 173
What are the prime factors of 6695?
5, 13, 103
What are the prime factors of 50687?
7, 13, 557
What are the prime factors of 7303?
67, 109
What are the prime factors of 40709?
40709
What are the prime factors of 690?
2, 3, 5, 23
List the prime factors of 19852.
2, 7, 709
What are the prime factors of 39243?
3, 103, 127
List the prime factors of 5035.
5, 19, 53
List the prime factors of 15149.
15149
What are the prime factors of 1714?
2, 857
What are the prime factors of 570?
2, 3, 5, 19
What are the prime factors of 115?
5, 23
What are the prime factors of 14085?
3, 5, 313
What are the prime factors of 380?
2, 5, 19
What are the prime factors of 3082?
2, 23, 67
What are the prime factors of 1105?
5, 13, 17
What are the prime factors of 92286?
2, 3, 1709
List the prime factors of 2486.
2, 11, 113
What are the prime factors of 4330?
2, 5, 433
What are the prime factors of 22131?
3, 2459
List the prime factors of 4250.
2, 5, 17
List the prime factors of 9043.
9043
List the prime factors of 1614.
2, 3, 269
What are the prime factors of 1147?
31, 37
What are the prime factors of 133232?
2, 11, 757
List the prime factors of 1246.
2, 7, 89
What are the prime factors of 5805?
3, 5, 43
List the prime factors of 7.
7
What are the prime factors of 11934?
2, 3, 13, 17
What are the prime factors of 74629?
37, 2017
What are the prime factors of 52791?
3, 17597
List the prime factors of 657.
3, 73
List the prime factors of 444.
2, 3, 37
List the prime factors of 29.
29
List the prime factors of 3114.
2, 3, 173
What are the prime factors of 2039?
2039
What are the prime factors of 389?
389
List the prime factors of 4427.
19, 233
What are the prime factors of 20937?
3, 7, 997
List the prime factors of 3078.
2, 3, 19
What are the prime factors of 5700?
2, 3, 5, 19
List the prime factors of 162154.
2, 81077
List the prime factors of 58468.
2, 47, 311
List the prime factors of 2096.
2, 131
List the prime factors of 7101.
3, 263
List the prime factors of 2944.
2, 23
List the prime factors of 104439.
3, 31, 1123
List the prime factors of 79581.
3, 41, 647
What are the prime factors of 963?
3, 107
What are the prime factors of 2752?
2, 43
List the prime factors of 81535.
5, 23, 709
List the prime factors of 96471.
3, 397
List the prime factors of 3591.
3, 7, 19
List the prime factors of 40164.
2, 3, 3347
What are the prime factors of 1154?
2, 577
What are the prime factors of 4292?
2, 29, 37
What are the prime factors of 83386?
2, 173, 241
What are the prime factors of 7780?
2, 5, 389
What are the prime factors of 219?
3, 73
List the prime factors of 1219.
23, 53
What are the prime factors of 47973?
3, 15991
List the prime factors of 86889.
3, 11, 2633
List the prime factors of 165.
3, 5, 11
List the prime factors of 9398.
2, 37, 127
List the prime factors of 686.
2, 7
List the prime factors of 130127.
130127
What are the prime factors of 2719?
2719
List the prime factors of 3403.
41, 83
What are the prime factors of 30539?
30539
List the prime factors of 8448.
2, 3, 11
What are the prime factors of 21515?
5, 13, 331
List the prime factors of 1078.
2, 7, 11
List the prime factors of 118603.
118603
List the prime factors of 3926.
2, 13, 151
What are the prime factors of 15417?
3, 571
What are the prime factors of 9316?
2, 17, 137
List the prime factors of 5858.
2, 29, 101
List the prime factors of 4130.
2, 5, 7, 59
What are the prime factors of 26656?
2, 7, 17
List the prime factors of 497.
7, 71
What are the prime factors of 13?
13
List the prime factors of 73368.
2, 3, 1019
List the prime factors of 2015.
5, 13, 31
List the prime factors of 50455.
5, 10091
List the prime factors of 2080.
2, 5, 13
What are the prime factors of 874?
2, 19, 23
What are the prime factors of 38129?
7, 13, 419
List the prime factors of 858.
2, 3, 11, 13
What are the prime factors of 165552?
2, 3, 3449
What are the prime factors of 1343?
17, 79
What are the prime factors of 15996?
2, 3, 31, 43
What are the prime factors of 1626?
2, 3, 271
List the prime factors of 42.
2, 3, 7
List the prime factors of 917.
7, 131
What are the prime factors of 81876?
2, 3, 6823
List the prime factors of 33356.
2, 31, 269
List the prime factors of 2788.
2, 17, 41
List the prime factors of 679.
7, 97
List the prime factors of 136.
2, 17
List the prime factors of 40947.
3, 13649
What are the prime factors of 14788?
2, 3697
List the prime factors of 10584.
2, 3, 7
What are the prime factors of 3765?
3, 5, 251
List the prime factors of 72263.
127, 569
What are the prime factors of 2712?
2, 3, 113
What are the prime factors of 50010?
2, 3, 5, 1667
What are the prime factors of 124760?
2, 5, 3119
What are the prime factors of 27415?
5, 5483
What are the prime factors of 967?
967
What are the prime factors of 8620?
2, 5, 431
What are the prime factors of 10509?
3, 31, 113
List the prime factors of 29488.
2, 19, 97
List the prime factors of 619.
619
List the prime factors of 2023.
7, 17
List the prime factors of 12746.
2, 6373
What are the prime factors of 2335?
5, 467
What are the prime factors of 19327?
7, 11, 251
List the prime factors of 1537.
29, 53
List the prime factors of 103.
103
List 